{"version":"1.0","provider_name":"Arquitectura Marbella","provider_url":"https:\/\/www.yacoweb.com\/arquitectura2","author_name":"javiernavarreterodriguez@hotmail.com","author_url":"https:\/\/www.yacoweb.com\/arquitectura2\/author\/javiernavarreterodriguezhotmail-com\/","title":"La Perla     PROJECT MANAGEMENT  - Arquitectura Marbella","type":"rich","width":600,"height":338,"html":"<blockquote class=\"wp-embedded-content\" data-secret=\"G2I87rPo4D\"><a href=\"https:\/\/www.yacoweb.com\/arquitectura2\/la-perla\/\">La Perla  <br> <h3> <span style=\"color: black; font-size: 0.5em\">   PROJECT MANAGEMENT<\/span> <\/H3><\/a><\/blockquote><iframe sandbox=\"allow-scripts\" security=\"restricted\" src=\"https:\/\/www.yacoweb.com\/arquitectura2\/la-perla\/embed\/#?secret=G2I87rPo4D\" width=\"600\" height=\"338\" title=\"\u00abLa Perla  &lt;br&gt; &lt;h3&gt; &lt;span style=&quot;color: black; font-size: 0.5em&quot;&gt;   PROJECT MANAGEMENT&lt;\/span&gt; &lt;\/H3&gt;\u00bb \u2014 Arquitectura Marbella\" data-secret=\"G2I87rPo4D\" frameborder=\"0\" marginwidth=\"0\" marginheight=\"0\" scrolling=\"no\" class=\"wp-embedded-content\"><\/iframe><script>\n\/*! This file is auto-generated *\/\n!function(d,l){\"use strict\";l.querySelector&&d.addEventListener&&\"undefined\"!=typeof URL&&(d.wp=d.wp||{},d.wp.receiveEmbedMessage||(d.wp.receiveEmbedMessage=function(e){var t=e.data;if((t||t.secret||t.message||t.value)&&!\/[^a-zA-Z0-9]\/.test(t.secret)){for(var s,r,n,a=l.querySelectorAll('iframe[data-secret=\"'+t.secret+'\"]'),o=l.querySelectorAll('blockquote[data-secret=\"'+t.secret+'\"]'),c=new RegExp(\"^https?:$\",\"i\"),i=0;i<o.length;i++)o[i].style.display=\"none\";for(i=0;i<a.length;i++)s=a[i],e.source===s.contentWindow&&(s.removeAttribute(\"style\"),\"height\"===t.message?(1e3<(r=parseInt(t.value,10))?r=1e3:~~r<200&&(r=200),s.height=r):\"link\"===t.message&&(r=new URL(s.getAttribute(\"src\")),n=new URL(t.value),c.test(n.protocol))&&n.host===r.host&&l.activeElement===s&&(d.top.location.href=t.value))}},d.addEventListener(\"message\",d.wp.receiveEmbedMessage,!1),l.addEventListener(\"DOMContentLoaded\",function(){for(var e,t,s=l.querySelectorAll(\"iframe.wp-embedded-content\"),r=0;r<s.length;r++)(t=(e=s[r]).getAttribute(\"data-secret\"))||(t=Math.random().toString(36).substring(2,12),e.src+=\"#?secret=\"+t,e.setAttribute(\"data-secret\",t)),e.contentWindow.postMessage({message:\"ready\",secret:t},\"*\")},!1)))}(window,document);\n\/\/# sourceURL=https:\/\/www.yacoweb.com\/arquitectura2\/wp-includes\/js\/wp-embed.min.js\n<\/script>\n","thumbnail_url":"https:\/\/www.yacoweb.com\/arquitectura2\/wp-content\/uploads\/2024\/04\/00-la-perla-portada.webp","thumbnail_width":1920,"thumbnail_height":1080,"description":"Previous slide Next slide Previous slide Next slide La Perla Ubicada en la urbanizaci\u00f3n La Perla de Benalm\u00e1dena, este es un proyecto de 2021 de villa unifamiliar aislada de dise\u00f1o moderno con vistas panor\u00e1micas al mar. \u00a0 Consta de dos plantas m\u00e1s s\u00f3tano. Project Management y Direcci\u00f3n de Obras de Innovaziona Arquitectos. Tipolog\u00eda del Proyecto: [&hellip;]"}

Previous slide Next slide Previous slide Next slide La Perla Ubicada en la urbanización La Perla de Benalmádena, este es un proyecto de 2021 de villa unifamiliar aislada de diseño moderno con vistas panorámicas al mar.   Consta de dos plantas más sótano. Project Management y Dirección de Obras de Innovaziona Arquitectos. Tipología del Proyecto: [&hellip;]
